{"id":91,"date":"2022-01-11T09:24:48","date_gmt":"2022-01-11T08:24:48","guid":{"rendered":"https:\/\/www.poru-test.de\/?page_id=91"},"modified":"2025-12-20T10:47:57","modified_gmt":"2025-12-20T09:47:57","slug":"bkf-weiterbildung","status":"publish","type":"page","link":"https:\/\/www.fahrschule-schoenthier.de\/?page_id=91","title":{"rendered":"BKF-Weiterbildung"},"content":{"rendered":"<div id=\"pl-91\"  class=\"panel-layout\" ><div id=\"pg-91-0\"  class=\"panel-grid panel-no-style\" ><div id=\"pgc-91-0-0\"  class=\"panel-grid-cell\" ><div id=\"panel-91-0-0-0\" class=\"so-panel widget widget_text panel-first-child panel-last-child\" data-index=\"0\" >\t\t\t<div class=\"textwidget\"><h2><strong style=\"color: #022b5f;\">Berufskraftfahrer-Weiterbildung<\/strong><\/h2>\n<p>Seit dem 10. September 2008 (Personenverkehr) bzw. seit dem 10. September 2009 (G\u00fcterverkehr) sind BUS- und LKW- Fahrer verpflichtet, alle f\u00fcnf Jahre 35 Stunden Weiterbildung gem\u00e4\u00df dem Berufskraftfahrer &#8211; Qualifikationsgesetz (BKrFQG) nachzuweisen. Diese gesetzliche Verpflichtung betrifft alle Fahrer, die gewerbliche Fahrten durchf\u00fchren und mit Fahrzeugen der Klasse C\/CE, C1 (ab 3,5 to)\/ C1E, D\/DE, D1\/D1E unterwegs sind.<\/p>\n<p>Die Weiterbildung kann auf f\u00fcnf Jahre verteilt werden (z.B. 1 Tag \/ Jahr). Am Ende jedes Weiterbildungstages wird eine Teilnahmebescheinigung ausgeh\u00e4ndigt. Alle f\u00fcnf Bescheinigungen dienen zur Vorlage bei der F\u00fchrerscheinstelle. Als Bef\u00e4higungsnachweis f\u00fcr qualifizierte EU- Berufskraftfahrer wird ein Fahrerqualifizierungsnachweis ausgestellt.<\/p>\n<p>Haben Sie Fragen zu diesem Thema? Wir helfen Ihnen gerne.<\/p>\n<\/div>\n\t\t<\/div><\/div><\/div><div id=\"pg-91-1\"  class=\"panel-grid panel-no-style\" ><div id=\"pgc-91-1-0\"  class=\"panel-grid-cell\" ><div id=\"panel-91-1-0-0\" class=\"so-panel widget widget_text panel-first-child panel-last-child\" data-index=\"1\" >\t\t\t<div class=\"textwidget\"><h2><strong style=\"color: #022b5f;\">Termine<\/strong><\/h2>\n<p>Beginn der Weiterbildungen ist jeweils um 8 Uhr bis 16 Uhr.<\/p>\n<table>\n<thead style=\"background-color: lightgray;\">\n<tr>\n<th><strong style=\"color: #022b5f;\">Wann?<\/strong><\/th>\n<th><strong style=\"color: #022b5f;\">Was?<\/strong><\/th>\n<\/tr>\n<\/thead>\n<tbody>\n<tr style=\"border-bottom: 1px solid;\">\n<td>31.01.2026<\/td>\n<td>BKF &#8211; Weiterbildung<br \/>\nIntelligent fahren<\/td>\n<\/tr>\n<tr style=\"border-bottom: 1px solid;\">\n<td>07.02.2026<\/td>\n<td>BKF &#8211; Weiterbildung<br \/>\nRechtssicher dokumentieren<\/td>\n<\/tr>\n<tr style=\"border-bottom: 1px solid;\">\n<td>28.02.2026<\/td>\n<td>BKF &#8211; Weiterbildung<br \/>\nSicher und gesund unterwegs<\/td>\n<\/tr>\n<tr style=\"border-bottom: 1px solid;\">\n<td>07.03.2026<\/td>\n<td>BKF &#8211; Weiterbildung<br \/>\nProfessionell und kundenorientiert<\/td>\n<\/tr>\n<tr style=\"border-bottom: 1px solid;\">\n<td>14.03.2026<\/td>\n<td>BKF &#8211; Weiterbildung<br \/>\nG\u00fcterkraftverkehr \/ Personenkraftverkehr spezial<\/td>\n<\/tr>\n<\/tbody>\n<\/table>\n<\/div>\n\t\t<\/div><\/div><\/div><\/div>","protected":false},"excerpt":{"rendered":"<p>Berufskraftfahrer-Weiterbildung Seit dem 10. September 2008 (Personenverkehr) bzw. seit dem 10. September 2009 (G\u00fcterverkehr) sind BUS- und LKW- Fahrer verpflichtet, alle f\u00fcnf Jahre 35 Stunden Weiterbildung gem\u00e4\u00df dem Berufskraftfahrer &#8211; Qualifikationsgesetz (BKrFQG) nachzuweisen. Diese gesetzliche Verpflichtung betrifft alle Fahrer, die gewerbliche Fahrten durchf\u00fchren und mit Fahrzeugen der Klasse C\/CE, C1 (ab 3,5 to)\/ C1E, D\/DE, D1\/D1E unterwegs sind. Die Weiterbildung kann auf f\u00fcnf Jahre verteilt werden (z.B. 1 Tag \/ Jahr). Am Ende jedes Weiterbildungstages wird eine Teilnahmebescheinigung ausgeh\u00e4ndigt. Alle f\u00fcnf Bescheinigungen dienen zur Vorlage bei der F\u00fchrerscheinstelle. Als Bef\u00e4higungsnachweis f\u00fcr qualifizierte EU- Berufskraftfahrer wird ein Fahrerqualifizierungsnachweis ausgestellt. Haben Sie [&hellip;]<\/p>\n","protected":false},"author":1,"featured_media":0,"parent":0,"menu_order":0,"comment_status":"closed","ping_status":"closed","template":"","meta":{"footnotes":""},"_links":{"self":[{"href":"https:\/\/www.fahrschule-schoenthier.de\/index.php?rest_route=\/wp\/v2\/pages\/91"}],"collection":[{"href":"https:\/\/www.fahrschule-schoenthier.de\/index.php?rest_route=\/wp\/v2\/pages"}],"about":[{"href":"https:\/\/www.fahrschule-schoenthier.de\/index.php?rest_route=\/wp\/v2\/types\/page"}],"author":[{"embeddable":true,"href":"https:\/\/www.fahrschule-schoenthier.de\/index.php?rest_route=\/wp\/v2\/users\/1"}],"replies":[{"embeddable":true,"href":"https:\/\/www.fahrschule-schoenthier.de\/index.php?rest_route=%2Fwp%2Fv2%2Fcomments&post=91"}],"version-history":[{"count":37,"href":"https:\/\/www.fahrschule-schoenthier.de\/index.php?rest_route=\/wp\/v2\/pages\/91\/revisions"}],"predecessor-version":[{"id":533,"href":"https:\/\/www.fahrschule-schoenthier.de\/index.php?rest_route=\/wp\/v2\/pages\/91\/revisions\/533"}],"wp:attachment":[{"href":"https:\/\/www.fahrschule-schoenthier.de\/index.php?rest_route=%2Fwp%2Fv2%2Fmedia&parent=91"}],"curies":[{"name":"wp","href":"https:\/\/api.w.org\/{rel}","templated":true}]}}